e
Is 407 a factor of 595273?
False
Is 637483 a multiple of 171?
False
Is 4 a factor of 4506576?
True
Is 139 a factor of 20632743?
True
Does 125 divide 9812535?
False
Does 290 divide 84014?
False
Does 7 divide 1092021?
True
Is 119 a factor of 24997452?
False
Does 316 divide 1212176?
True
Does 24 divide 57733?
False
Is 136983 a multiple of 82?
False
Is 21160 a multiple of 184?
True
Is 31 a factor of 182187?
True
Is 1093862 a multiple of 4?
False
Is 30622464 a multiple of 256?
True
Is 930 a factor of 3111231?
False
Is 103905 a multiple of 2?
False
Is 7 a factor of 18164?
False
Is 592810 a multiple of 12?
False
Does 73 divide 180991?
False
Does 43 divide 14836763?
True
Is 1028881 a multiple of 317?
False
Does 13 divide 1172068?
False
Is 12908668 a multiple of 452?
True
Is 409929 a multiple of 38?
False
Is 22249 a multiple of 17?
False
Does 16 divide 12304?
True
Does 10 divide 389490?
True
Is 12 a factor of 11954?
False
Is 1505940 a multiple of 20?
True
Does 17 divide 26758?
True
Is 117941 a multiple of 29?
False
Does 641 divide 3296267?
False
Is 480 a factor of 605760?
True
Is 1240633 a multiple of 192?
False
Does 30 divide 451380?
True
Does 26 divide 28035?
False
Is 13647668 a multiple of 838?
True
Is 290430 a multiple of 14?
True
Is 10721 a multiple of 2?
False
Does 141 divide 3430953?
True
Is 17 a factor of 1683357?
True
Does 360 divide 1020731?
False
Is 21062 a multiple of 2?
True
Is 51 a factor of 30816?
False
Does 339 divide 220939?
False
Is 8 a factor of 952225?
False
Is 293 a factor of 2157458?
False
Is 89460 a multiple of 10?
True
Does 1459 divide 8698558?
True
Is 151 a factor of 4021281?
True
Is 21 a factor of 744345?
True
Is 166370 a multiple of 131?
True
Does 77 divide 7834288?
True
Does 12 divide 52008?
True
Does 70 divide 934566?
False
Does 816 divide 9680208?
True
Is 27136 a multiple of 111?
False
Does 6 divide 1820826?
True
Does 576 divide 9288332?
False
Is 1104 a factor of 1902521?
False
Does 27 divide 2731464?
False
Is 718 a factor of 14737462?
False
Is 360 a factor of 1571581?
False
Is 35594 a multiple of 3?
False
Does 19 divide 76413?
False
Is 1313 a factor of 7994857?
True
Does 32 divide 1632?
True
Does 18 divide 5737446?
True
Is 104098 a multiple of 214?
False
Is 32 a factor of 13883002?
False
Does 176 divide 7426836?
False
Is 542 a factor of 314902?
True
Does 81 divide 186797?
False
Is 767475 a multiple of 421?
False
Is 459 a factor of 612765?
True
Is 112 a factor of 298816?
True
Is 445188 a multiple of 46?
True
Is 1783827 a multiple of 187?
False
Is 54833 a multiple of 70?
False
Is 28382 a multiple of 66?
False
Does 514 divide 261669?
False
Does 75 divide 41596?
False
Is 361 a factor of 1432187?
False
Is 2139480 a multiple of 135?
True
Does 5 divide 382710?
True
Is 18 a factor of 826956?
True
Is 27 a factor of 2139062?
False
Is 41140 a multiple of 340?
True
Does 29 divide 42311?
True
Is 148785 a multiple of 21?
True
Is 714824 a multiple of 4?
True
Is 2634250 a multiple of 888?
False
Does 99 divide 1257102?
True
Does 55 divide 6858167?
False
Is 28 a factor of 8246464?
False
Does 84 divide 29400?
True
Does 888 divide 2047728?
True
Is 56 a factor of 5104634?
False
Is 2677774 a multiple of 22?
True
Does 6 divide 63953?
False
Does 215 divide 24332?
False
Is 4150426 a multiple of 13?
False
Is 8 a factor of 35493?
False
Is 43 a factor of 370169?
False
Does 41 divide 1091624?
False
Is 431 a factor of 861569?
True
Is 76466 a multiple of 26?
True
Is 199 a factor of 559872?
False
Is 319 a factor of 14934005?
False
Is 3 a factor of 461592?
True
Is 698208 a multiple of 672?
True
Is 27252720 a multiple of 1488?
True
Is 1480416 a multiple of 224?
True
Is 15136056 a multiple of 28?
False
Is 222 a factor of 71040?
True
Does 467 divide 1771425?
False
Is 52388 a multiple of 97?
False
Is 36 a factor of 10955854?
False
Is 54 a factor of 5811372?
True
Is 27060713 a multiple of 622?
False
Is 3434498 a multiple of 36?
False
Does 1032 divide 8219342?
False
Does 3 divide 577591?
False
Is 231 a factor of 2215521?
True
Is 45 a factor of 20029?
False
Does 522 divide 453618?
True
Does 38 divide 7638?
True
Is 172 a factor of 304096?
True
Is 7961746 a multiple of 442?
True
Does 20 divide 1720843?
False
Is 61 a factor of 618784?
True
Is 139527 a multiple of 37?
True
Is 105 a factor of 997710?
True
Is 2810017 a multiple of 287?
True
Does 124 divide 535026?
False
Is 27 a factor of 94721?
False
Is 291 a factor of 182738?
False
Does 34 divide 1764609?
False
Is 4 a factor of 828953?
False
Is 3196356 a multiple of 148?
True
Is 76 a factor of 197329?
False
Does 27 divide 1514565?
True
Does 26 divide 1322673?
False
Is 2162426 a multiple of 291?
False
Does 37 divide 6548234?
False
Is 55385 a multiple of 19?
True
Is 732428 a multiple of 15?
False
Is 7 a factor of 29750?
True
Is 166738 a multiple of 22?
True
Is 67 a factor of 31691?
True
Is 64448 a multiple of 163?
False
Is 2558649 a multiple of 277?
True
Is 82 a factor of 283474?
True
Is 61995 a multiple of 109?
False
Is 185469 a multiple of 28?
False
Does 186 divide 1055736?
True
Does 222 divide 4423502?
False
Is 3180822 a multiple of 323?
False
Does 11 divide 1262998?
True
Is 7664927 a multiple of 128?
False
Is 53 a factor of 1327756?
True
Is 1318844 a multiple of 118?
False
Does 274 divide 7143180?
True
Does 188 divide 52640?
True
Is 185 a factor of 249888?
False
Does 6 divide 2426777?
False
Is 6 a factor of 35586?
True
Is 126 a factor of 1014804?
True
Is 556 a factor of 11355188?
True
Is 27 a factor of 85464?
False
Is 166790 a multiple of 130?
True
Is 1152796 a multiple of 114?
False
Is 22 a factor of 80268?
False
Is 1118817 a multiple of 227?
False
Does 421 divide 13893?
True
Does 227 divide 124925?
False
Does 12 divide 17241351?
False
Does 30 divide 1965435?
False
Is 12 a factor of 68324?
False
Does 11 divide 1175535?
False
Is 15510 a multiple of 517?
True
Is 11020 a multiple of 9?
False
Is 4093 a multiple of 52?
False
Is 132 a factor of 7877100?
True
Is 27 a factor of 213111?
True
Is 806182 a multiple of 614?
True
Is 32 a factor of 501728?
True
Is 24416368 a multiple of 16?
True
Is 242000 a multiple of 88?
True
Is 85364 a multiple of 37?
False
Does 57 divide 60534?
True
Is 17 a factor of 184188?
False
Is 11 a factor of 8026?
False
Is 210 a factor of 276869?
False
Is 1173410 a multiple of 6?
False
Is 21930804 a multiple of 126?
True
Is 117934 a multiple of 3?
False
Does 198 divide 19963746?
True
Is 371944 a multiple of 19?
True
Does 83 divide 768427?
False
Is 423600 a multiple of 240?
True
Is 298107 a multiple of 79?
False
Does 80 divide 876871?
False
Is 147691 a multiple of 19?
False
Is 923 a factor of 601425?
False
Is 7621461 a multiple of 1591?
False
Is 113 a factor of 4859?
True
Is 235 a factor of 14189574?
False
Is 258859 a multiple of 635?
False
Is 26297052 a multiple of 71?
False
Does 30 divide 1185166?
False
Is 436220 a multiple of 72?
False
Is 7 a factor of 112178?
False
Is 5787877 a multiple of 895?
False
Does 52 divide 23900?
False
Is 15 a factor of 30660?
True
Is 347 a factor of 830957?
False
Is 326 a factor of 2756330?
True
Is 236742 a multiple of 3?
True
Is 54056 a multiple of 565?
False
Is 954 a factor of 2865258?
False
Is 902 a factor of 180400?
True
Is 448 a factor of 4013340?
False
Is 54 a factor of 1597750?
False
Is 63559 a multiple of 5?
False
Does 34 divide 8743355?
False
Is 7130315 a multiple of 872?
False
Does 111 divide 44695?
False
Is 7 a factor of 703948?
True
Is 10 a factor of 249660?
True
Does 32 divide 1785?
False
Does 36 divide 148320?
True
Does 15 divide 2863890?
True
Is 72 a factor of 580418?
False
Is 5418114 a multiple of 704?
False
Is 606472 a multiple of 328?
True
Does 4 divide 797811?
False
Does 135 divide 2544802?
False
Does 11 divide 7802982?
True
Does 37 divide 71288?
False
Is 49 a factor of 987662?
False
Is 14 a factor of 2149089?
False
Is 286876 a multiple of 108?
False
Does 705 divide 2137560?
True
Does 5 divide 4337270?
True
Is 51 a factor of 25602?
True
Is 1010279 a multiple of 101?
False
Is 14328 a multiple of 4?
True
Is 14 a factor of 1455440?
True
Does 440 divide 4668255?
False
Is 339534 a multiple of 234?
True
Is 27 a factor of 85536?
True
Does 15 divide 940041?
False
Is 1425 a factor of 1121652?
False
Is 14 a factor of 165949?
False
Is 5036012 a multiple of